1 + 13 = -2*t, 0 = -4*t + 2*l + 320. Suppose -4*o + 195 = j, 2*o - 3*j - 34 - t = 0. Calculate the greatest common divisor of 10 and o.
10
Let z = 5 + 5. Let s be (2 + z)*28/6. What is the greatest common divisor of s and 8?
8
Let j = -154 + 229. Let w = -75 + 90. Calculate the greatest common factor of w and j.
15
Suppose 3*v - 7*v = -32. Suppose -v*o = -4*o - 220. Let n(l) = -l**3 + 5*l**2 + 4*l + 2. Let j be n(5). Calculate the greatest common factor of o and j.
11
Let h = 2467 + -2131. Calculate the greatest common divisor of h and 924.
84
Let c = -9 + 17. Suppose -725 = -4*j - 133. Suppose -6*n + c = -j. What is the greatest common factor of n and 182?
26
Suppose -172 = -6*u - 76. Suppose 0 = 5*c - 10 - 5. Suppose 4*q - 202 = q + 2*k, 0 = c*q + k - 187. Calculate the highest common divisor of q and u.
16
Let q be (-2)/(2 + -4)*28. Calculate the greatest common divisor of q and 336.
28
Suppose 0 = -0*p + 4*p - 4. Let c be 6 + (p - (6 + -2)). Suppose 5*k - b = 313, -k - 3*k + c*b = -246. Calculate the greatest common factor of 42 and k.
21
Suppose -4 = -7*d + 8*d. Let x(w) = 4 - 1 - 5*w + 1 - 14*w. Let b be x(d). What is the highest common factor of 32 and b?
16
Let a(s) = -s**3 - 5*s**2 + 20*s - 18. Let n be a(-8). What is the greatest common divisor of n and 7?
7
Let k = -2 - 0. Let g be -2*2*k - -1. Let i(q) = -q**2 - 4*q + 15. Let d be i(-6). Calculate the greatest common divisor of g and d.
3
Suppose 4*p = -b - 4*b + 192, 0 = -3*p + 3*b + 144. Calculate the highest common factor of 3 and p.
3
Let h(c) be the second derivative of 0 - 1/2*c**2 - 3*c + 0*c**3 + 1/12*c**4. Let w be h(2). What is the greatest common divisor of w and 15?
3
Let z(p) = 2*p - 7. Suppose -2*h = 2 - 12. Let x be z(h). Let v be x/(-4) - (-129)/12. What is the greatest common divisor of 10 and v?
10
Let v be 132/9*(-273)/(-14). Calculate the greatest common divisor of v and 91.
13
Let b(a) = -2*a + 7 - a - a + 6*a. Let z be b(-5). Let l be 8 + -4*z/4. What is the greatest common divisor of 88 and l?
11
Suppose 4*c - 75 = -s + c, -155 = -3*s + 5*c. Calculate the highest common divisor of s and 240.
60
Let p = -94 - -29. Let z be ((-676)/p)/((-2)/35). Let l be z/(-39)*1*3. What is the greatest common divisor of 28 and l?
14
Let a(p) = -2 + 4 + p**2 + 6*p + 5*p. Let q be a(-12). Let v = -1 + q. Calculate the greatest common divisor of 117 and v.
13
Let a be -1 - ((-20)/8 + 2)*228. Let j = -72 + a. What is the highest common factor of j and 41?
41
Suppose 0 = -4*f - 2*t - 66, 0 = -2*t - 3 + 5. Let y = f + 21. Suppose b - 35 = -5*q + 11, b - 5*q - 26 = 0. Calculate the highest common factor of y and b.
4
Let q(m) be the second derivative of 3*m**2 + 0 - 13/6*m**3 - m + m**4 - 1/20*m**5. Let i be q(9). What is the greatest common factor of i and 12?
12
Suppose 2*g + v = -11, -3*v = -4*g - 4*v - 23. Let o be (g/(-6) + (-2)/1)*-8. Calculate the highest common factor of o and 8.
8
Let v = 75 + 0. Calculate the greatest common factor of v and 30.
15
Let o = -118 + 139. What is the highest common factor of o and 3?
3
Let f = 642 + -498. What is the greatest common factor of f and 648?
72
Suppose -24*s = -19*s - 25. Suppose 4*g + 348 = s*h, -h + g + 53 = -16. Calculate the greatest common factor of h and 180.
36
Suppose 3*n = 3*l + 2*l - 35, -3*l + 22 = -2*n. Suppose -o = -l*c - 22, -o - 4*c - c = -4. What is the highest common factor of 7 and o?
7
Suppose 5*y + 255 = 3*k, 6 = -k - 4*y + 74. Calculate the highest common divisor of k and 64.
16
Let s be ((-1)/4 + 21/28)*4. Suppose -4*n + 4*y + 177 = -23, 0 = -n + 5*y + 46. Suppose 5*k = n + 39. What is the highest common divisor of s and k?
2
Let c(z) = -10*z**2 - 3*z + 2. Let n be c(1). Let m = 22 + n. Let w be 4/5*(m - 1). Calculate the highest common divisor of 20 and w.
4
Let o be ((-375)/30)/((-3)/12). Calculate the highest common factor of o and 175.
25
Suppose -3*w = -0*l - 4*l + 33, 4*l + 2*w = 38. What is the greatest common divisor of l and 54?
9
Let b be 12/(-2) - (-2 + 1142)*-1. Calculate the highest common divisor of 54 and b.
54
Suppose 0*h = -3*h, l - 290 = -2*h. Let y be 2907/99 - 48/132. What is the greatest common divisor of l and y?
29
Let k = 3 - 0. Suppose -k*q = q - 28. Calculate the highest common factor of q and 91.
7
Suppose o - 5*o = -3*r + 71, -3*o - 6 = 0. Let w = r + 34. What is the highest common divisor of w and 11?
11
Let h(x) = -x**3 - 5*x**2 - 9*x - 4. Let a be h(-2). Suppose a*y = -87 + 95. What is the greatest common divisor of 14 and y?
2
Let a = 149 + -213. Let t = a - -14. Let f = t + 72. What is the highest common divisor of f and 198?
22
Let p(i) = 5*i**2 - i + 1. Let w be p(2). Suppose -4*o - 41 - 35 = 0. Let b be (-12 - -8)*o/4. Calculate the highest common factor of w and b.
19
Let w be 5 - ((-2)/6)/((-8)/(-72)). Suppose -3*u - 2 - w = n, 2*n - 2*u - 12 = 0. What is the greatest common divisor of 20 and n?
2
Let h be 15 + 30/(0 + -6). Let r(b) = -2*b - 2. Let t be r(-2). What is the highest common factor of h and t?
2
Suppose 0 = 3*f - 5*f + 18. Let c = 860 + -851. What is the highest common factor of f and c?
9
Suppose -5*g + 0*p = -p - 799, -4*g - 4*p = -620. Let l be (-1 - -2)/(6 + g/(-27)). Calculate the greatest common factor of l and 9.
9
Suppose -49*t = -45*t - 440. What is the greatest common divisor of t and 715?
55
Let p(a) = -8*a - 159. Let v be p(-21). Calculate the highest common divisor of 144 and v.
9
Suppose -9*w + 12*w - 75 = 0. What is the highest common divisor of 325 and w?
25
Suppose -21*s = -347 - 472. Let c be 2/7 - 6/21. Suppose 2*t - 7*t + 65 = c. What is the highest common divisor of s and t?
13
Let o = 195 + -174. What is the highest common divisor of 112 and o?
7
Let a be 11/(-33) - (-254)/6. Calculate the greatest common divisor of a and 28.
14
Suppose z = 2*z - o - 3, 0 = 3*z - o + 1. Let x be (5 - 5)*1/z. Let a be (-14)/(-6)*3 - x. Calculate the highest common divisor of 1 and a.
1
Let c be 72/20 + (-18)/30. Suppose c*v - n = 2*v + 3, -2*v = -5*n. Calculate the greatest common divisor of v and 1.
1
Let c(w) = w**3 - 9*w**2 + 10*w - 6. Let r be c(8). Calculate the highest common divisor of r and 45.
5
Let z = -3 - -73. Calculate the highest common divisor of 28 and z.
14
Let p = -47 + 105. Calculate the greatest common divisor of p and 232.
58
Let d(t) = 2*t**2 - 22*t - 104. Let z be d(-5). Calculate the greatest common factor of z and 1624.
56
Suppose -15*u + 2352 = -3*u. Calculate the greatest common divisor of 140 and u.
28
Suppose -t = -5*d - 16, 0*d + 5*t = -3*d - 32. Let h = d + 7. Let w = -42 + 66. Calculate the highest common factor of w and h.
3
Let s be ((-2)/6)/((-5)/(-90)) - -11. What is the highest common divisor of 205 and s?
5
Let a be (8/(-12))/((-2)/(-9)). Let h = a + 10. What is the highest common factor of h and 21?
7
Suppose -4*f = -5*k + 233, k + 5*f = 2*k - 55. Suppose 5*g - 2*g - 45 = 0. What is the highest common divisor of g and k?
15
Let h(b) = b**2 + 34*b + 84. Let m be h(-34). What is the greatest common factor of m and 714?
42
Suppose 7*q - 4 = 2*y + 11*q, 4*y + 2*q - 16 = 0. Suppose y*g + 105 = 13*g. What is the greatest common factor of 15 and g?
15
Let f be 1898/13 + -2*(0 - -1). Suppose -6*c = -9*c + f. What is the highest common divisor of 32 and c?
16
Suppose -5*v + 0*v + 2*r + 368 = 0, 0 = 5*v + 4*r - 374. Calculate the greatest common divisor of v and 74.
74
Let p(b) = 26*b - 4. Let x be p(6). Let g = x + -103. What is the greatest common factor of 7 and g?
7
Suppose 9*c = 752 + 2641. What is the highest common divisor of c and 203?
29
Suppose -5*p = -53*f + 52*f - 635, 5*p - 625 = -f. Calculate the highest common factor of 42 and p.
42
Let c(s) = -94*s - 6. Let g be c(-1). Calculate the highest common divisor of g and 110.
22
Suppose -3*a - 99 = -2*m, 5*m + 9*a - 14*a - 260 = 0. Calculate the greatest common factor of m and 76.
19
Let w = 0 - -3. Suppose -2*a + 3*f = 2*f - 10, 0 = -w*f + 6. Calculate the highest common divisor of 9 and a.
3
Suppose 3*m + 66 = m. Let w = 54 + m. Let d = w - 7. What is the greatest common factor of d and 14?
14
Let c(s) = -4*s - 8. Let y be c(-4). Suppose 0 = -4*i - 18 + 58. Let r = i - y. What is the highest common factor of r and 16?
2
Let p be 2 - ((-2 - 3) + 2). Suppose u - 2*u